{"id":7,"date":"2019-05-12T01:28:31","date_gmt":"2019-05-12T01:28:31","guid":{"rendered":"https:\/\/sitebaixocusto.com.br\/desenvolvimentosites\/?page_id=7"},"modified":"2021-11-01T15:45:37","modified_gmt":"2021-11-01T15:45:37","slug":"clientes","status":"publish","type":"page","link":"https:\/\/sitebaixocusto.com.br\/desenvolvimentosites\/clientes\/","title":{"rendered":"Clientes"},"content":{"rendered":"<div id='gallery-1' class='gallery galleryid-7 gallery-columns-3 gallery-size-medium'><figure class='gallery-item'>\n\t\t\t<div class='gallery-icon landscape'>\n\t\t\t\t<a href='https:\/\/sitebaixocusto.com.br\/desenvolvimentosites\/wp-content\/uploads\/2019\/05\/agoteira.jpg'><img fetchpriority=\"high\" decoding=\"async\" width=\"300\" height=\"173\" src=\"https:\/\/sitebaixocusto.com.br\/desenvolvimentosites\/wp-content\/uploads\/2019\/05\/agoteira-300x173.jpg\" class=\"attachment-medium size-medium lazyload\" alt=\"Site Baixo Custo\" aria-describedby=\"gallery-1-62\" srcset=\"data:image\/svg+xml,%3Csvg%20xmlns%3D%27http%3A%2F%2Fwww.w3.org%2F2000%2Fsvg%27%20width%3D%271198%27%20height%3D%27689%27%20viewBox%3D%270%200%201198%20689%27%3E%3Crect%20width%3D%271198%27%20height%3D%27689%27%20fill-opacity%3D%220%22%2F%3E%3C%2Fsvg%3E\" data-orig-src=\"https:\/\/sitebaixocusto.com.br\/desenvolvimentosites\/wp-content\/uploads\/2019\/05\/agoteira-300x173.jpg\" data-srcset=\"https:\/\/sitebaixocusto.com.br\/desenvolvimentosites\/wp-content\/uploads\/2019\/05\/agoteira-300x173.jpg 300w, https:\/\/sitebaixocusto.com.br\/desenvolvimentosites\/wp-content\/uploads\/2019\/05\/agoteira-768x442.jpg 768w, https:\/\/sitebaixocusto.com.br\/desenvolvimentosites\/wp-content\/uploads\/2019\/05\/agoteira-1024x589.jpg 1024w, https:\/\/sitebaixocusto.com.br\/desenvolvimentosites\/wp-content\/uploads\/2019\/05\/agoteira.jpg 1198w\" data-sizes=\"auto\" \/><\/a>\n\t\t\t<\/div>\n\t\t\t\t<figcaption class='wp-caption-text gallery-caption' id='gallery-1-62'>\n\t\t\t\tA GOTEIRA\n\t\t\t\t<\/figcaption><\/figure><figure class='gallery-item'>\n\t\t\t<div class='gallery-icon landscape'>\n\t\t\t\t<a href='https:\/\/sitebaixocusto.com.br\/desenvolvimentosites\/wp-content\/uploads\/2019\/05\/coachbechara.jpg'><img decoding=\"async\" width=\"300\" height=\"165\" src=\"https:\/\/sitebaixocusto.com.br\/desenvolvimentosites\/wp-content\/uploads\/2019\/05\/coachbechara-300x165.jpg\" class=\"attachment-medium size-medium lazyload\" alt=\"Site Baixo Custo\" aria-describedby=\"gallery-1-64\" srcset=\"data:image\/svg+xml,%3Csvg%20xmlns%3D%27http%3A%2F%2Fwww.w3.org%2F2000%2Fsvg%27%20width%3D%271504%27%20height%3D%27827%27%20viewBox%3D%270%200%201504%20827%27%3E%3Crect%20width%3D%271504%27%20height%3D%27827%27%20fill-opacity%3D%220%22%2F%3E%3C%2Fsvg%3E\" data-orig-src=\"https:\/\/sitebaixocusto.com.br\/desenvolvimentosites\/wp-content\/uploads\/2019\/05\/coachbechara-300x165.jpg\" data-srcset=\"https:\/\/sitebaixocusto.com.br\/desenvolvimentosites\/wp-content\/uploads\/2019\/05\/coachbechara-300x165.jpg 300w, https:\/\/sitebaixocusto.com.br\/desenvolvimentosites\/wp-content\/uploads\/2019\/05\/coachbechara-768x422.jpg 768w, https:\/\/sitebaixocusto.com.br\/desenvolvimentosites\/wp-content\/uploads\/2019\/05\/coachbechara-1024x563.jpg 1024w, https:\/\/sitebaixocusto.com.br\/desenvolvimentosites\/wp-content\/uploads\/2019\/05\/coachbechara.jpg 1504w\" data-sizes=\"auto\" \/><\/a>\n\t\t\t<\/div>\n\t\t\t\t<figcaption class='wp-caption-text gallery-caption' id='gallery-1-64'>\n\t\t\t\tCOACH BECHARA\n\t\t\t\t<\/figcaption><\/figure><figure class='gallery-item'>\n\t\t\t<div class='gallery-icon portrait'>\n\t\t\t\t<a href='https:\/\/sitebaixocusto.com.br\/desenvolvimentosites\/wp-content\/uploads\/2019\/05\/cooperativasp.jpg'><img decoding=\"async\" width=\"298\" height=\"300\" src=\"https:\/\/sitebaixocusto.com.br\/desenvolvimentosites\/wp-content\/uploads\/2019\/05\/cooperativasp-298x300.jpg\" class=\"attachment-medium size-medium lazyload\" alt=\"Site Baixo Custo\" aria-describedby=\"gallery-1-65\" srcset=\"data:image\/svg+xml,%3Csvg%20xmlns%3D%27http%3A%2F%2Fwww.w3.org%2F2000%2Fsvg%27%20width%3D%27638%27%20height%3D%27642%27%20viewBox%3D%270%200%20638%20642%27%3E%3Crect%20width%3D%27638%27%20height%3D%27642%27%20fill-opacity%3D%220%22%2F%3E%3C%2Fsvg%3E\" data-orig-src=\"https:\/\/sitebaixocusto.com.br\/desenvolvimentosites\/wp-content\/uploads\/2019\/05\/cooperativasp-298x300.jpg\" data-srcset=\"https:\/\/sitebaixocusto.com.br\/desenvolvimentosites\/wp-content\/uploads\/2019\/05\/cooperativasp-150x150.jpg 150w, https:\/\/sitebaixocusto.com.br\/desenvolvimentosites\/wp-content\/uploads\/2019\/05\/cooperativasp-298x300.jpg 298w, https:\/\/sitebaixocusto.com.br\/desenvolvimentosites\/wp-content\/uploads\/2019\/05\/cooperativasp.jpg 638w\" data-sizes=\"auto\" \/><\/a>\n\t\t\t<\/div>\n\t\t\t\t<figcaption class='wp-caption-text gallery-caption' id='gallery-1-65'>\n\t\t\t\tCOOPERATIVAS SP\n\t\t\t\t<\/figcaption><\/figure><figure class='gallery-item'>\n\t\t\t<div class='gallery-icon landscape'>\n\t\t\t\t<a href='https:\/\/sitebaixocusto.com.br\/desenvolvimentosites\/wp-content\/uploads\/2019\/05\/inovacao.jpg'><img loading=\"lazy\" decoding=\"async\" width=\"300\" height=\"272\" src=\"https:\/\/sitebaixocusto.com.br\/desenvolvimentosites\/wp-content\/uploads\/2019\/05\/inovacao-300x272.jpg\" class=\"attachment-medium size-medium lazyload\" alt=\"Site Baixo Custo\" aria-describedby=\"gallery-1-67\" srcset=\"data:image\/svg+xml,%3Csvg%20xmlns%3D%27http%3A%2F%2Fwww.w3.org%2F2000%2Fsvg%27%20width%3D%27845%27%20height%3D%27765%27%20viewBox%3D%270%200%20845%20765%27%3E%3Crect%20width%3D%27845%27%20height%3D%27765%27%20fill-opacity%3D%220%22%2F%3E%3C%2Fsvg%3E\" data-orig-src=\"https:\/\/sitebaixocusto.com.br\/desenvolvimentosites\/wp-content\/uploads\/2019\/05\/inovacao-300x272.jpg\" data-srcset=\"https:\/\/sitebaixocusto.com.br\/desenvolvimentosites\/wp-content\/uploads\/2019\/05\/inovacao-300x272.jpg 300w, https:\/\/sitebaixocusto.com.br\/desenvolvimentosites\/wp-content\/uploads\/2019\/05\/inovacao-768x695.jpg 768w, https:\/\/sitebaixocusto.com.br\/desenvolvimentosites\/wp-content\/uploads\/2019\/05\/inovacao.jpg 845w\" data-sizes=\"auto\" \/><\/a>\n\t\t\t<\/div>\n\t\t\t\t<figcaption class='wp-caption-text gallery-caption' id='gallery-1-67'>\n\t\t\t\tINOVA\u00c7\u00c3O LOGISTICA\n\t\t\t\t<\/figcaption><\/figure><figure class='gallery-item'>\n\t\t\t<div class='gallery-icon landscape'>\n\t\t\t\t<a href='https:\/\/sitebaixocusto.com.br\/desenvolvimentosites\/wp-content\/uploads\/2019\/05\/ja.jpg'><img loading=\"lazy\" decoding=\"async\" width=\"300\" height=\"166\" src=\"https:\/\/sitebaixocusto.com.br\/desenvolvimentosites\/wp-content\/uploads\/2019\/05\/ja-300x166.jpg\" class=\"attachment-medium size-medium lazyload\" alt=\"Site Baixo Custo\" aria-describedby=\"gallery-1-68\" srcset=\"data:image\/svg+xml,%3Csvg%20xmlns%3D%27http%3A%2F%2Fwww.w3.org%2F2000%2Fsvg%27%20width%3D%271288%27%20height%3D%27711%27%20viewBox%3D%270%200%201288%20711%27%3E%3Crect%20width%3D%271288%27%20height%3D%27711%27%20fill-opacity%3D%220%22%2F%3E%3C%2Fsvg%3E\" data-orig-src=\"https:\/\/sitebaixocusto.com.br\/desenvolvimentosites\/wp-content\/uploads\/2019\/05\/ja-300x166.jpg\" data-srcset=\"https:\/\/sitebaixocusto.com.br\/desenvolvimentosites\/wp-content\/uploads\/2019\/05\/ja-300x166.jpg 300w, https:\/\/sitebaixocusto.com.br\/desenvolvimentosites\/wp-content\/uploads\/2019\/05\/ja-768x424.jpg 768w, https:\/\/sitebaixocusto.com.br\/desenvolvimentosites\/wp-content\/uploads\/2019\/05\/ja-1024x565.jpg 1024w, https:\/\/sitebaixocusto.com.br\/desenvolvimentosites\/wp-content\/uploads\/2019\/05\/ja.jpg 1288w\" data-sizes=\"auto\" \/><\/a>\n\t\t\t<\/div>\n\t\t\t\t<figcaption class='wp-caption-text gallery-caption' id='gallery-1-68'>\n\t\t\t\tJA LUBRIFICANTES\n\t\t\t\t<\/figcaption><\/figure><figure class='gallery-item'>\n\t\t\t<div class='gallery-icon landscape'>\n\t\t\t\t<a href='https:\/\/sitebaixocusto.com.br\/desenvolvimentosites\/wp-content\/uploads\/2019\/05\/jorge.jpg'><img loading=\"lazy\" decoding=\"async\" width=\"300\" height=\"258\" src=\"https:\/\/sitebaixocusto.com.br\/desenvolvimentosites\/wp-content\/uploads\/2019\/05\/jorge-300x258.jpg\" class=\"attachment-medium size-medium lazyload\" alt=\"Site Baixo Custo\" aria-describedby=\"gallery-1-69\" srcset=\"data:image\/svg+xml,%3Csvg%20xmlns%3D%27http%3A%2F%2Fwww.w3.org%2F2000%2Fsvg%27%20width%3D%27847%27%20height%3D%27728%27%20viewBox%3D%270%200%20847%20728%27%3E%3Crect%20width%3D%27847%27%20height%3D%27728%27%20fill-opacity%3D%220%22%2F%3E%3C%2Fsvg%3E\" data-orig-src=\"https:\/\/sitebaixocusto.com.br\/desenvolvimentosites\/wp-content\/uploads\/2019\/05\/jorge-300x258.jpg\" data-srcset=\"https:\/\/sitebaixocusto.com.br\/desenvolvimentosites\/wp-content\/uploads\/2019\/05\/jorge-300x258.jpg 300w, https:\/\/sitebaixocusto.com.br\/desenvolvimentosites\/wp-content\/uploads\/2019\/05\/jorge-768x660.jpg 768w, https:\/\/sitebaixocusto.com.br\/desenvolvimentosites\/wp-content\/uploads\/2019\/05\/jorge.jpg 847w\" data-sizes=\"auto\" \/><\/a>\n\t\t\t<\/div>\n\t\t\t\t<figcaption class='wp-caption-text gallery-caption' id='gallery-1-69'>\n\t\t\t\tPASTOR JORGE ROJAS\n\t\t\t\t<\/figcaption><\/figure><figure class='gallery-item'>\n\t\t\t<div class='gallery-icon portrait'>\n\t\t\t\t<a href='https:\/\/sitebaixocusto.com.br\/desenvolvimentosites\/wp-content\/uploads\/2019\/05\/marycris.jpg'><img loading=\"lazy\" decoding=\"async\" width=\"233\" height=\"300\" src=\"https:\/\/sitebaixocusto.com.br\/desenvolvimentosites\/wp-content\/uploads\/2019\/05\/marycris-233x300.jpg\" class=\"attachment-medium size-medium lazyload\" alt=\"Site Baixo Custo\" aria-describedby=\"gallery-1-70\" srcset=\"data:image\/svg+xml,%3Csvg%20xmlns%3D%27http%3A%2F%2Fwww.w3.org%2F2000%2Fsvg%27%20width%3D%27645%27%20height%3D%27830%27%20viewBox%3D%270%200%20645%20830%27%3E%3Crect%20width%3D%27645%27%20height%3D%27830%27%20fill-opacity%3D%220%22%2F%3E%3C%2Fsvg%3E\" data-orig-src=\"https:\/\/sitebaixocusto.com.br\/desenvolvimentosites\/wp-content\/uploads\/2019\/05\/marycris-233x300.jpg\" data-srcset=\"https:\/\/sitebaixocusto.com.br\/desenvolvimentosites\/wp-content\/uploads\/2019\/05\/marycris-233x300.jpg 233w, https:\/\/sitebaixocusto.com.br\/desenvolvimentosites\/wp-content\/uploads\/2019\/05\/marycris.jpg 645w\" data-sizes=\"auto\" \/><\/a>\n\t\t\t<\/div>\n\t\t\t\t<figcaption class='wp-caption-text gallery-caption' id='gallery-1-70'>\n\t\t\t\tMARYCRIS TURISMO\n\t\t\t\t<\/figcaption><\/figure><figure class='gallery-item'>\n\t\t\t<div class='gallery-icon landscape'>\n\t\t\t\t<a href='https:\/\/sitebaixocusto.com.br\/desenvolvimentosites\/wp-content\/uploads\/2019\/05\/polypedras.jpg'><img loading=\"lazy\" decoding=\"async\" width=\"300\" height=\"244\" src=\"https:\/\/sitebaixocusto.com.br\/desenvolvimentosites\/wp-content\/uploads\/2019\/05\/polypedras-300x244.jpg\" class=\"attachment-medium size-medium lazyload\" alt=\"Site Baico Custo\" aria-describedby=\"gallery-1-71\" srcset=\"data:image\/svg+xml,%3Csvg%20xmlns%3D%27http%3A%2F%2Fwww.w3.org%2F2000%2Fsvg%27%20width%3D%27963%27%20height%3D%27782%27%20viewBox%3D%270%200%20963%20782%27%3E%3Crect%20width%3D%27963%27%20height%3D%27782%27%20fill-opacity%3D%220%22%2F%3E%3C%2Fsvg%3E\" data-orig-src=\"https:\/\/sitebaixocusto.com.br\/desenvolvimentosites\/wp-content\/uploads\/2019\/05\/polypedras-300x244.jpg\" data-srcset=\"https:\/\/sitebaixocusto.com.br\/desenvolvimentosites\/wp-content\/uploads\/2019\/05\/polypedras-300x244.jpg 300w, https:\/\/sitebaixocusto.com.br\/desenvolvimentosites\/wp-content\/uploads\/2019\/05\/polypedras-768x624.jpg 768w, https:\/\/sitebaixocusto.com.br\/desenvolvimentosites\/wp-content\/uploads\/2019\/05\/polypedras.jpg 963w\" data-sizes=\"auto\" \/><\/a>\n\t\t\t<\/div>\n\t\t\t\t<figcaption class='wp-caption-text gallery-caption' id='gallery-1-71'>\n\t\t\t\tPOLYPEDRAS\n\t\t\t\t<\/figcaption><\/figure><figure class='gallery-item'>\n\t\t\t<div class='gallery-icon portrait'>\n\t\t\t\t<a href='https:\/\/sitebaixocusto.com.br\/desenvolvimentosites\/wp-content\/uploads\/2019\/05\/guiarota.jpg'><img loading=\"lazy\" decoding=\"async\" width=\"277\" height=\"300\" src=\"https:\/\/sitebaixocusto.com.br\/desenvolvimentosites\/wp-content\/uploads\/2019\/05\/guiarota-277x300.jpg\" class=\"attachment-medium size-medium lazyload\" alt=\"Site Baixo Custo\" aria-describedby=\"gallery-1-66\" srcset=\"data:image\/svg+xml,%3Csvg%20xmlns%3D%27http%3A%2F%2Fwww.w3.org%2F2000%2Fsvg%27%20width%3D%27727%27%20height%3D%27786%27%20viewBox%3D%270%200%20727%20786%27%3E%3Crect%20width%3D%27727%27%20height%3D%27786%27%20fill-opacity%3D%220%22%2F%3E%3C%2Fsvg%3E\" data-orig-src=\"https:\/\/sitebaixocusto.com.br\/desenvolvimentosites\/wp-content\/uploads\/2019\/05\/guiarota-277x300.jpg\" data-srcset=\"https:\/\/sitebaixocusto.com.br\/desenvolvimentosites\/wp-content\/uploads\/2019\/05\/guiarota-277x300.jpg 277w, https:\/\/sitebaixocusto.com.br\/desenvolvimentosites\/wp-content\/uploads\/2019\/05\/guiarota.jpg 727w\" data-sizes=\"auto\" \/><\/a>\n\t\t\t<\/div>\n\t\t\t\t<figcaption class='wp-caption-text gallery-caption' id='gallery-1-66'>\n\t\t\t\tGUIAROTABRASIL\n\t\t\t\t<\/figcaption><\/figure><figure class='gallery-item'>\n\t\t\t<div class='gallery-icon portrait'>\n\t\t\t\t<a href='https:\/\/sitebaixocusto.com.br\/desenvolvimentosites\/wp-content\/uploads\/2019\/05\/cafemaita.jpg'><img loading=\"lazy\" decoding=\"async\" width=\"204\" height=\"300\" src=\"https:\/\/sitebaixocusto.com.br\/desenvolvimentosites\/wp-content\/uploads\/2019\/05\/cafemaita-204x300.jpg\" class=\"attachment-medium size-medium lazyload\" alt=\"Site Baixo Custo\" aria-describedby=\"gallery-1-63\" srcset=\"data:image\/svg+xml,%3Csvg%20xmlns%3D%27http%3A%2F%2Fwww.w3.org%2F2000%2Fsvg%27%20width%3D%27540%27%20height%3D%27796%27%20viewBox%3D%270%200%20540%20796%27%3E%3Crect%20width%3D%27540%27%20height%3D%27796%27%20fill-opacity%3D%220%22%2F%3E%3C%2Fsvg%3E\" data-orig-src=\"https:\/\/sitebaixocusto.com.br\/desenvolvimentosites\/wp-content\/uploads\/2019\/05\/cafemaita-204x300.jpg\" data-srcset=\"https:\/\/sitebaixocusto.com.br\/desenvolvimentosites\/wp-content\/uploads\/2019\/05\/cafemaita-204x300.jpg 204w, https:\/\/sitebaixocusto.com.br\/desenvolvimentosites\/wp-content\/uploads\/2019\/05\/cafemaita.jpg 540w\" data-sizes=\"auto\" \/><\/a>\n\t\t\t<\/div>\n\t\t\t\t<figcaption class='wp-caption-text gallery-caption' id='gallery-1-63'>\n\t\t\t\tCAF\u00c9 MARITA\n\t\t\t\t<\/figcaption><\/figure><figure class='gallery-item'>\n\t\t\t<div class='gallery-icon landscape'>\n\t\t\t\t<a href='https:\/\/sitebaixocusto.com.br\/desenvolvimentosites\/wp-content\/uploads\/2019\/06\/consultanacional.jpg'><img loading=\"lazy\" decoding=\"async\" width=\"300\" height=\"278\" src=\"https:\/\/sitebaixocusto.com.br\/desenvolvimentosites\/wp-content\/uploads\/2019\/06\/consultanacional-300x278.jpg\" class=\"attachment-medium size-medium lazyload\" alt=\"\" srcset=\"data:image\/svg+xml,%3Csvg%20xmlns%3D%27http%3A%2F%2Fwww.w3.org%2F2000%2Fsvg%27%20width%3D%27870%27%20height%3D%27805%27%20viewBox%3D%270%200%20870%20805%27%3E%3Crect%20width%3D%27870%27%20height%3D%27805%27%20fill-opacity%3D%220%22%2F%3E%3C%2Fsvg%3E\" data-orig-src=\"https:\/\/sitebaixocusto.com.br\/desenvolvimentosites\/wp-content\/uploads\/2019\/06\/consultanacional-300x278.jpg\" data-srcset=\"https:\/\/sitebaixocusto.com.br\/desenvolvimentosites\/wp-content\/uploads\/2019\/06\/consultanacional-300x278.jpg 300w, https:\/\/sitebaixocusto.com.br\/desenvolvimentosites\/wp-content\/uploads\/2019\/06\/consultanacional-768x711.jpg 768w, https:\/\/sitebaixocusto.com.br\/desenvolvimentosites\/wp-content\/uploads\/2019\/06\/consultanacional.jpg 870w\" data-sizes=\"auto\" \/><\/a>\n\t\t\t<\/div><\/figure>\n\t\t<\/div>\n\n","protected":false},"excerpt":{"rendered":"A GOTEIRA COACH BECHARA COOPERATIVAS SP INOVA\u00c7\u00c3O LOGISTICA JA LUBRIFICANTES PASTOR JORGE ROJAS MARYCRIS TURISMO POLYPEDRAS GUIAROTABRASIL CAF\u00c9 MARITA","protected":false},"author":1,"featured_media":0,"parent":0,"menu_order":0,"comment_status":"closed","ping_status":"closed","template":"","meta":{"site-sidebar-layout":"default","site-content-layout":"","ast-site-content-layout":"default","site-content-style":"default","site-sidebar-style":"default","ast-global-header-display":"","ast-banner-title-visibility":"","ast-main-header-display":"","ast-hfb-above-header-display":"","ast-hfb-below-header-display":"","ast-hfb-mobile-header-display":"","site-post-title":"","ast-breadcrumbs-content":"","ast-featured-img":"","footer-sml-layout":"","ast-disable-related-posts":"","theme-transparent-header-meta":"","adv-header-id-meta":"","stick-header-meta":"","header-above-stick-meta":"","header-main-stick-meta":"","header-below-stick-meta":"","astra-migrate-meta-layouts":"default","ast-page-background-enabled":"default","ast-page-background-meta":{"desktop":{"background-color":"","background-image":"","background-repeat":"repeat","background-position":"center center","background-size":"auto","background-attachment":"scroll","background-type":"","background-media":"","overlay-type":"","overlay-color":"","overlay-opacity":"","overlay-gradient":""},"tablet":{"background-color":"","background-image":"","background-repeat":"repeat","background-position":"center center","background-size":"auto","background-attachment":"scroll","background-type":"","background-media":"","overlay-type":"","overlay-color":"","overlay-opacity":"","overlay-gradient":""},"mobile":{"background-color":"","background-image":"","background-repeat":"repeat","background-position":"center center","background-size":"auto","background-attachment":"scroll","background-type":"","background-media":"","overlay-type":"","overlay-color":"","overlay-opacity":"","overlay-gradient":""}},"ast-content-background-meta":{"desktop":{"background-color":"var(--ast-global-color-5)","background-image":"","background-repeat":"repeat","background-position":"center center","background-size":"auto","background-attachment":"scroll","background-type":"","background-media":"","overlay-type":"","overlay-color":"","overlay-opacity":"","overlay-gradient":""},"tablet":{"background-color":"var(--ast-global-color-5)","background-image":"","background-repeat":"repeat","background-position":"center center","background-size":"auto","background-attachment":"scroll","background-type":"","background-media":"","overlay-type":"","overlay-color":"","overlay-opacity":"","overlay-gradient":""},"mobile":{"background-color":"var(--ast-global-color-5)","background-image":"","background-repeat":"repeat","background-position":"center center","background-size":"auto","background-attachment":"scroll","background-type":"","background-media":"","overlay-type":"","overlay-color":"","overlay-opacity":"","overlay-gradient":""}},"amp_status":"","footnotes":""},"class_list":["post-7","page","type-page","status-publish","hentry"],"_hostinger_reach_plugin_has_subscription_block":false,"_hostinger_reach_plugin_is_elementor":false,"amp_validity":null,"_links":{"self":[{"href":"https:\/\/sitebaixocusto.com.br\/desenvolvimentosites\/wp-json\/wp\/v2\/pages\/7","targetHints":{"allow":["GET"]}}],"collection":[{"href":"https:\/\/sitebaixocusto.com.br\/desenvolvimentosites\/wp-json\/wp\/v2\/pages"}],"about":[{"href":"https:\/\/sitebaixocusto.com.br\/desenvolvimentosites\/wp-json\/wp\/v2\/types\/page"}],"author":[{"embeddable":true,"href":"https:\/\/sitebaixocusto.com.br\/desenvolvimentosites\/wp-json\/wp\/v2\/users\/1"}],"replies":[{"embeddable":true,"href":"https:\/\/sitebaixocusto.com.br\/desenvolvimentosites\/wp-json\/wp\/v2\/comments?post=7"}],"version-history":[{"count":6,"href":"https:\/\/sitebaixocusto.com.br\/desenvolvimentosites\/wp-json\/wp\/v2\/pages\/7\/revisions"}],"predecessor-version":[{"id":301,"href":"https:\/\/sitebaixocusto.com.br\/desenvolvimentosites\/wp-json\/wp\/v2\/pages\/7\/revisions\/301"}],"wp:attachment":[{"href":"https:\/\/sitebaixocusto.com.br\/desenvolvimentosites\/wp-json\/wp\/v2\/media?parent=7"}],"curies":[{"name":"wp","href":"https:\/\/api.w.org\/{rel}","templated":true}]}}