{"id":19,"date":"2019-05-12T01:33:56","date_gmt":"2019-05-12T01:33:56","guid":{"rendered":"https:\/\/sitebaixocusto.com.br\/desenvolvimentosites\/?page_id=19"},"modified":"2023-09-13T05:19:19","modified_gmt":"2023-09-13T05:19:19","slug":"home-2","status":"publish","type":"page","link":"https:\/\/sitebaixocusto.com.br\/desenvolvimentosites\/home-2\/","title":{"rendered":"Home"},"content":{"rendered":"<h2>site de baixo custo<\/h2>\n<p>Desenvolvimento de websites wordpress, lojas virtuais woocommerce e marketindigital, cria\u00e7\u00e3o de banners para redes sociais. Tudo isso com custo baixo. Pagamento Facil.<\/p>\n<p>Integrado ao WordPress, a loja virtual\u00a0\u00a0<strong>WooCommerce hoje \u00e9 a plataforma de e-commerce mais usada do mundo<\/strong>. Sua interface amig\u00e1vel e funcionalidades poderosas, permitem a cria\u00e7\u00e3o de lojas virtuais de todos os tamanhos e tipos.<\/p>\n<ul>\n<li>Sistema completo de cat\u00e1logo de produtos, carrinho, checkout, cupons e mais.<\/li>\n<li>Correios, PagSeguro, PayPal, MercadoPago,Boleto, ERPs, etc.<\/li>\n<li>O WooCommerce \u00e9 usado por mais de 42% das lojas virtuais do mundo.<\/li>\n<\/ul>\n<p>Hoje estamos vivendo o advento das redes sociais, onde empresas e profissionais liberais precis\u00e3o se posicionar de forma profissional para vender seus servi\u00e7os e produtos, os an\u00fancios podem ser animados ou est\u00e1ticos e em diversos formatos que podem ser publicados no seu site, em sites de an\u00fancio pagos, enviados por e-mail ou divulgado em Redes Sociais.<\/p>\n<div class=\"elementor-element elementor-element-de762ef elementor-widget elementor-widget-heading\" data-id=\"de762ef\" data-element_type=\"widget\" data-widget_type=\"heading.default\"><\/div>\n<div class=\"elementor-element elementor-element-3e981ad elementor-widget elementor-widget-text-editor\" data-id=\"3e981ad\" data-element_type=\"widget\" data-widget_type=\"text-editor.default\">\n<div class=\"elementor-widget-container\">\n<div class=\"elementor-text-editor elementor-clearfix\">\n<p>Desenvolvemos um\u00a0<strong>sistema personalizado<\/strong>\u00a0para cada tipo de loja, com todas as ferramentas para o seu e-commerce decolar.<\/p>\n<\/div>\n<\/div>\n<\/div>\n","protected":false},"excerpt":{"rendered":"<p>site de baixo custo Desenvolvimento de websites wordpress, lojas virtuais woocommerce e marketindigital, cria\u00e7\u00e3o de banners para redes sociais. Tudo isso com custo baixo. Pagamento Facil. Integrado ao WordPress, a loja virtual\u00a0\u00a0WooCommerce hoje \u00e9 a plataforma de e-commerce mais usada do mundo. Sua interface amig\u00e1vel e funcionalidades poderosas, permitem a cria\u00e7\u00e3o de lojas virtuais de [&hellip;]<\/p>\n","protected":false},"author":1,"featured_media":0,"parent":0,"menu_order":0,"comment_status":"closed","ping_status":"closed","template":"","meta":{"site-sidebar-layout":"default","site-content-layout":"default","ast-site-content-layout":"default","site-content-style":"default","site-sidebar-style":"default","ast-global-header-display":"","ast-banner-title-visibility":"","ast-main-header-display":"","ast-hfb-above-header-display":"","ast-hfb-below-header-display":"","ast-hfb-mobile-header-display":"","site-post-title":"","ast-breadcrumbs-content":"","ast-featured-img":"","footer-sml-layout":"","ast-disable-related-posts":"","theme-transparent-header-meta":"default","adv-header-id-meta":"","stick-header-meta":"","header-above-stick-meta":"","header-main-stick-meta":"","header-below-stick-meta":"","astra-migrate-meta-layouts":"default","ast-page-background-enabled":"default","ast-page-background-meta":{"desktop":{"background-color":"","background-image":"","background-repeat":"repeat","background-position":"center center","background-size":"auto","background-attachment":"scroll","background-type":"","background-media":"","overlay-type":"","overlay-color":"","overlay-opacity":"","overlay-gradient":""},"tablet":{"background-color":"","background-image":"","background-repeat":"repeat","background-position":"center center","background-size":"auto","background-attachment":"scroll","background-type":"","background-media":"","overlay-type":"","overlay-color":"","overlay-opacity":"","overlay-gradient":""},"mobile":{"background-color":"","background-image":"","background-repeat":"repeat","background-position":"center center","background-size":"auto","background-attachment":"scroll","background-type":"","background-media":"","overlay-type":"","overlay-color":"","overlay-opacity":"","overlay-gradient":""}},"ast-content-background-meta":{"desktop":{"background-color":"var(--ast-global-color-5)","background-image":"","background-repeat":"repeat","background-position":"center center","background-size":"auto","background-attachment":"scroll","background-type":"","background-media":"","overlay-type":"","overlay-color":"","overlay-opacity":"","overlay-gradient":""},"tablet":{"background-color":"var(--ast-global-color-5)","background-image":"","background-repeat":"repeat","background-position":"center center","background-size":"auto","background-attachment":"scroll","background-type":"","background-media":"","overlay-type":"","overlay-color":"","overlay-opacity":"","overlay-gradient":""},"mobile":{"background-color":"var(--ast-global-color-5)","background-image":"","background-repeat":"repeat","background-position":"center center","background-size":"auto","background-attachment":"scroll","background-type":"","background-media":"","overlay-type":"","overlay-color":"","overlay-opacity":"","overlay-gradient":""}},"amp_status":"","footnotes":""},"class_list":["post-19","page","type-page","status-publish","hentry"],"_hostinger_reach_plugin_has_subscription_block":false,"_hostinger_reach_plugin_is_elementor":false,"amp_validity":null,"_links":{"self":[{"href":"https:\/\/sitebaixocusto.com.br\/desenvolvimentosites\/wp-json\/wp\/v2\/pages\/19","targetHints":{"allow":["GET"]}}],"collection":[{"href":"https:\/\/sitebaixocusto.com.br\/desenvolvimentosites\/wp-json\/wp\/v2\/pages"}],"about":[{"href":"https:\/\/sitebaixocusto.com.br\/desenvolvimentosites\/wp-json\/wp\/v2\/types\/page"}],"author":[{"embeddable":true,"href":"https:\/\/sitebaixocusto.com.br\/desenvolvimentosites\/wp-json\/wp\/v2\/users\/1"}],"replies":[{"embeddable":true,"href":"https:\/\/sitebaixocusto.com.br\/desenvolvimentosites\/wp-json\/wp\/v2\/comments?post=19"}],"version-history":[{"count":6,"href":"https:\/\/sitebaixocusto.com.br\/desenvolvimentosites\/wp-json\/wp\/v2\/pages\/19\/revisions"}],"predecessor-version":[{"id":79,"href":"https:\/\/sitebaixocusto.com.br\/desenvolvimentosites\/wp-json\/wp\/v2\/pages\/19\/revisions\/79"}],"wp:attachment":[{"href":"https:\/\/sitebaixocusto.com.br\/desenvolvimentosites\/wp-json\/wp\/v2\/media?parent=19"}],"curies":[{"name":"wp","href":"https:\/\/api.w.org\/{rel}","templated":true}]}}