{"id":17,"date":"2019-05-12T01:31:14","date_gmt":"2019-05-12T01:31:14","guid":{"rendered":"https:\/\/sitebaixocusto.com.br\/desenvolvimentosites\/?page_id=17"},"modified":"2020-07-16T01:56:51","modified_gmt":"2020-07-16T01:56:51","slug":"marketing-digital","status":"publish","type":"page","link":"https:\/\/sitebaixocusto.com.br\/desenvolvimentosites\/marketing-digital\/","title":{"rendered":"Marketing Digital"},"content":{"rendered":"<p>Hoje estamos vivendo o advento das redes sociais, onde empresas e profissionais liberais precis\u00e3o se posicionar de forma profissional para vender seus servi\u00e7os e produtos, os an\u00fancios podem ser animados ou est\u00e1ticos e em diversos formatos que podem ser publicados no seu site, em sites de an\u00fancio pagos, enviados por e-mail ou divulgado em Redes Sociais.<\/p>\n<p>[supsystic-price-table id=8]<\/p>\n<p>&nbsp;<\/p>\n<p style=\"text-align: center;\"><strong>PORTIFOLIO<\/strong><\/p>\n<div id='gallery-1' class='gallery galleryid-17 gallery-columns-4 gallery-size-medium'><figure class='gallery-item'>\n\t\t\t<div class='gallery-icon landscape'>\n\t\t\t\t<a href='https:\/\/sitebaixocusto.com.br\/desenvolvimentosites\/wp-content\/uploads\/2020\/07\/basico1.fw_.png'><img fetchpriority=\"high\" decoding=\"async\" width=\"300\" height=\"259\" src=\"https:\/\/sitebaixocusto.com.br\/desenvolvimentosites\/wp-content\/uploads\/2020\/07\/basico1.fw_-300x259.png\" class=\"attachment-medium size-medium lazyload\" alt=\"\" srcset=\"data:image\/svg+xml,%3Csvg%20xmlns%3D%27http%3A%2F%2Fwww.w3.org%2F2000%2Fsvg%27%20width%3D%27522%27%20height%3D%27450%27%20viewBox%3D%270%200%20522%20450%27%3E%3Crect%20width%3D%27522%27%20height%3D%27450%27%20fill-opacity%3D%220%22%2F%3E%3C%2Fsvg%3E\" data-orig-src=\"https:\/\/sitebaixocusto.com.br\/desenvolvimentosites\/wp-content\/uploads\/2020\/07\/basico1.fw_-300x259.png\" data-srcset=\"https:\/\/sitebaixocusto.com.br\/desenvolvimentosites\/wp-content\/uploads\/2020\/07\/basico1.fw_-300x259.png 300w, https:\/\/sitebaixocusto.com.br\/desenvolvimentosites\/wp-content\/uploads\/2020\/07\/basico1.fw_.png 522w\" data-sizes=\"auto\" \/><\/a>\n\t\t\t<\/div><\/figure><figure class='gallery-item'>\n\t\t\t<div class='gallery-icon landscape'>\n\t\t\t\t<a href='https:\/\/sitebaixocusto.com.br\/desenvolvimentosites\/wp-content\/uploads\/2020\/07\/feijoada1.fw_.png'><img decoding=\"async\" width=\"300\" height=\"259\" src=\"https:\/\/sitebaixocusto.com.br\/desenvolvimentosites\/wp-content\/uploads\/2020\/07\/feijoada1.fw_-300x259.png\" class=\"attachment-medium size-medium lazyload\" alt=\"\" srcset=\"data:image\/svg+xml,%3Csvg%20xmlns%3D%27http%3A%2F%2Fwww.w3.org%2F2000%2Fsvg%27%20width%3D%27522%27%20height%3D%27450%27%20viewBox%3D%270%200%20522%20450%27%3E%3Crect%20width%3D%27522%27%20height%3D%27450%27%20fill-opacity%3D%220%22%2F%3E%3C%2Fsvg%3E\" data-orig-src=\"https:\/\/sitebaixocusto.com.br\/desenvolvimentosites\/wp-content\/uploads\/2020\/07\/feijoada1.fw_-300x259.png\" data-srcset=\"https:\/\/sitebaixocusto.com.br\/desenvolvimentosites\/wp-content\/uploads\/2020\/07\/feijoada1.fw_-300x259.png 300w, https:\/\/sitebaixocusto.com.br\/desenvolvimentosites\/wp-content\/uploads\/2020\/07\/feijoada1.fw_.png 522w\" data-sizes=\"auto\" \/><\/a>\n\t\t\t<\/div><\/figure><figure class='gallery-item'>\n\t\t\t<div class='gallery-icon landscape'>\n\t\t\t\t<a href='https:\/\/sitebaixocusto.com.br\/desenvolvimentosites\/wp-content\/uploads\/2020\/07\/lagarto-assado.fw_.png'><img decoding=\"async\" width=\"300\" height=\"259\" src=\"https:\/\/sitebaixocusto.com.br\/desenvolvimentosites\/wp-content\/uploads\/2020\/07\/lagarto-assado.fw_-300x259.png\" class=\"attachment-medium size-medium lazyload\" alt=\"\" srcset=\"data:image\/svg+xml,%3Csvg%20xmlns%3D%27http%3A%2F%2Fwww.w3.org%2F2000%2Fsvg%27%20width%3D%27522%27%20height%3D%27450%27%20viewBox%3D%270%200%20522%20450%27%3E%3Crect%20width%3D%27522%27%20height%3D%27450%27%20fill-opacity%3D%220%22%2F%3E%3C%2Fsvg%3E\" data-orig-src=\"https:\/\/sitebaixocusto.com.br\/desenvolvimentosites\/wp-content\/uploads\/2020\/07\/lagarto-assado.fw_-300x259.png\" data-srcset=\"https:\/\/sitebaixocusto.com.br\/desenvolvimentosites\/wp-content\/uploads\/2020\/07\/lagarto-assado.fw_-300x259.png 300w, https:\/\/sitebaixocusto.com.br\/desenvolvimentosites\/wp-content\/uploads\/2020\/07\/lagarto-assado.fw_.png 522w\" data-sizes=\"auto\" \/><\/a>\n\t\t\t<\/div><\/figure><figure class='gallery-item'>\n\t\t\t<div class='gallery-icon landscape'>\n\t\t\t\t<a href='https:\/\/sitebaixocusto.com.br\/desenvolvimentosites\/wp-content\/uploads\/2020\/07\/parmegiana.fw_.png'><img loading=\"lazy\" decoding=\"async\" width=\"300\" height=\"259\" src=\"https:\/\/sitebaixocusto.com.br\/desenvolvimentosites\/wp-content\/uploads\/2020\/07\/parmegiana.fw_-300x259.png\" class=\"attachment-medium size-medium lazyload\" alt=\"\" srcset=\"data:image\/svg+xml,%3Csvg%20xmlns%3D%27http%3A%2F%2Fwww.w3.org%2F2000%2Fsvg%27%20width%3D%27522%27%20height%3D%27450%27%20viewBox%3D%270%200%20522%20450%27%3E%3Crect%20width%3D%27522%27%20height%3D%27450%27%20fill-opacity%3D%220%22%2F%3E%3C%2Fsvg%3E\" data-orig-src=\"https:\/\/sitebaixocusto.com.br\/desenvolvimentosites\/wp-content\/uploads\/2020\/07\/parmegiana.fw_-300x259.png\" data-srcset=\"https:\/\/sitebaixocusto.com.br\/desenvolvimentosites\/wp-content\/uploads\/2020\/07\/parmegiana.fw_-300x259.png 300w, https:\/\/sitebaixocusto.com.br\/desenvolvimentosites\/wp-content\/uploads\/2020\/07\/parmegiana.fw_.png 522w\" data-sizes=\"auto\" \/><\/a>\n\t\t\t<\/div><\/figure><figure class='gallery-item'>\n\t\t\t<div class='gallery-icon landscape'>\n\t\t\t\t<a href='https:\/\/sitebaixocusto.com.br\/desenvolvimentosites\/wp-content\/uploads\/2020\/07\/1007.jpg'><img loading=\"lazy\" decoding=\"async\" width=\"300\" height=\"300\" src=\"https:\/\/sitebaixocusto.com.br\/desenvolvimentosites\/wp-content\/uploads\/2020\/07\/1007-300x300.jpg\" class=\"attachment-medium size-medium lazyload\" alt=\"\" srcset=\"data:image\/svg+xml,%3Csvg%20xmlns%3D%27http%3A%2F%2Fwww.w3.org%2F2000%2Fsvg%27%20width%3D%27720%27%20height%3D%27720%27%20viewBox%3D%270%200%20720%20720%27%3E%3Crect%20width%3D%27720%27%20height%3D%27720%27%20fill-opacity%3D%220%22%2F%3E%3C%2Fsvg%3E\" data-orig-src=\"https:\/\/sitebaixocusto.com.br\/desenvolvimentosites\/wp-content\/uploads\/2020\/07\/1007-300x300.jpg\" data-srcset=\"https:\/\/sitebaixocusto.com.br\/desenvolvimentosites\/wp-content\/uploads\/2020\/07\/1007-150x150.jpg 150w, https:\/\/sitebaixocusto.com.br\/desenvolvimentosites\/wp-content\/uploads\/2020\/07\/1007-230x230.jpg 230w, https:\/\/sitebaixocusto.com.br\/desenvolvimentosites\/wp-content\/uploads\/2020\/07\/1007-270x270.jpg 270w, https:\/\/sitebaixocusto.com.br\/desenvolvimentosites\/wp-content\/uploads\/2020\/07\/1007-300x300.jpg 300w, https:\/\/sitebaixocusto.com.br\/desenvolvimentosites\/wp-content\/uploads\/2020\/07\/1007.jpg 720w\" data-sizes=\"auto\" \/><\/a>\n\t\t\t<\/div><\/figure><figure class='gallery-item'>\n\t\t\t<div class='gallery-icon landscape'>\n\t\t\t\t<a href='https:\/\/sitebaixocusto.com.br\/desenvolvimentosites\/wp-content\/uploads\/2020\/07\/1107.jpg'><img loading=\"lazy\" decoding=\"async\" width=\"300\" height=\"300\" src=\"https:\/\/sitebaixocusto.com.br\/desenvolvimentosites\/wp-content\/uploads\/2020\/07\/1107-300x300.jpg\" class=\"attachment-medium size-medium lazyload\" alt=\"\" srcset=\"data:image\/svg+xml,%3Csvg%20xmlns%3D%27http%3A%2F%2Fwww.w3.org%2F2000%2Fsvg%27%20width%3D%27720%27%20height%3D%27720%27%20viewBox%3D%270%200%20720%20720%27%3E%3Crect%20width%3D%27720%27%20height%3D%27720%27%20fill-opacity%3D%220%22%2F%3E%3C%2Fsvg%3E\" data-orig-src=\"https:\/\/sitebaixocusto.com.br\/desenvolvimentosites\/wp-content\/uploads\/2020\/07\/1107-300x300.jpg\" data-srcset=\"https:\/\/sitebaixocusto.com.br\/desenvolvimentosites\/wp-content\/uploads\/2020\/07\/1107-150x150.jpg 150w, https:\/\/sitebaixocusto.com.br\/desenvolvimentosites\/wp-content\/uploads\/2020\/07\/1107-230x230.jpg 230w, https:\/\/sitebaixocusto.com.br\/desenvolvimentosites\/wp-content\/uploads\/2020\/07\/1107-270x270.jpg 270w, https:\/\/sitebaixocusto.com.br\/desenvolvimentosites\/wp-content\/uploads\/2020\/07\/1107-300x300.jpg 300w, https:\/\/sitebaixocusto.com.br\/desenvolvimentosites\/wp-content\/uploads\/2020\/07\/1107.jpg 720w\" data-sizes=\"auto\" \/><\/a>\n\t\t\t<\/div><\/figure><figure class='gallery-item'>\n\t\t\t<div class='gallery-icon landscape'>\n\t\t\t\t<a href='https:\/\/sitebaixocusto.com.br\/desenvolvimentosites\/wp-content\/uploads\/2020\/07\/1207.jpg'><img loading=\"lazy\" decoding=\"async\" width=\"300\" height=\"300\" src=\"https:\/\/sitebaixocusto.com.br\/desenvolvimentosites\/wp-content\/uploads\/2020\/07\/1207-300x300.jpg\" class=\"attachment-medium size-medium lazyload\" alt=\"\" srcset=\"data:image\/svg+xml,%3Csvg%20xmlns%3D%27http%3A%2F%2Fwww.w3.org%2F2000%2Fsvg%27%20width%3D%27720%27%20height%3D%27720%27%20viewBox%3D%270%200%20720%20720%27%3E%3Crect%20width%3D%27720%27%20height%3D%27720%27%20fill-opacity%3D%220%22%2F%3E%3C%2Fsvg%3E\" data-orig-src=\"https:\/\/sitebaixocusto.com.br\/desenvolvimentosites\/wp-content\/uploads\/2020\/07\/1207-300x300.jpg\" data-srcset=\"https:\/\/sitebaixocusto.com.br\/desenvolvimentosites\/wp-content\/uploads\/2020\/07\/1207-150x150.jpg 150w, https:\/\/sitebaixocusto.com.br\/desenvolvimentosites\/wp-content\/uploads\/2020\/07\/1207-230x230.jpg 230w, https:\/\/sitebaixocusto.com.br\/desenvolvimentosites\/wp-content\/uploads\/2020\/07\/1207-270x270.jpg 270w, https:\/\/sitebaixocusto.com.br\/desenvolvimentosites\/wp-content\/uploads\/2020\/07\/1207-300x300.jpg 300w, https:\/\/sitebaixocusto.com.br\/desenvolvimentosites\/wp-content\/uploads\/2020\/07\/1207.jpg 720w\" data-sizes=\"auto\" \/><\/a>\n\t\t\t<\/div><\/figure><figure class='gallery-item'>\n\t\t\t<div class='gallery-icon landscape'>\n\t\t\t\t<a href='https:\/\/sitebaixocusto.com.br\/desenvolvimentosites\/wp-content\/uploads\/2020\/07\/1307.jpg'><img loading=\"lazy\" decoding=\"async\" width=\"300\" height=\"300\" src=\"https:\/\/sitebaixocusto.com.br\/desenvolvimentosites\/wp-content\/uploads\/2020\/07\/1307-300x300.jpg\" class=\"attachment-medium size-medium lazyload\" alt=\"\" srcset=\"data:image\/svg+xml,%3Csvg%20xmlns%3D%27http%3A%2F%2Fwww.w3.org%2F2000%2Fsvg%27%20width%3D%27720%27%20height%3D%27720%27%20viewBox%3D%270%200%20720%20720%27%3E%3Crect%20width%3D%27720%27%20height%3D%27720%27%20fill-opacity%3D%220%22%2F%3E%3C%2Fsvg%3E\" data-orig-src=\"https:\/\/sitebaixocusto.com.br\/desenvolvimentosites\/wp-content\/uploads\/2020\/07\/1307-300x300.jpg\" data-srcset=\"https:\/\/sitebaixocusto.com.br\/desenvolvimentosites\/wp-content\/uploads\/2020\/07\/1307-150x150.jpg 150w, https:\/\/sitebaixocusto.com.br\/desenvolvimentosites\/wp-content\/uploads\/2020\/07\/1307-230x230.jpg 230w, https:\/\/sitebaixocusto.com.br\/desenvolvimentosites\/wp-content\/uploads\/2020\/07\/1307-270x270.jpg 270w, https:\/\/sitebaixocusto.com.br\/desenvolvimentosites\/wp-content\/uploads\/2020\/07\/1307-300x300.jpg 300w, https:\/\/sitebaixocusto.com.br\/desenvolvimentosites\/wp-content\/uploads\/2020\/07\/1307.jpg 720w\" data-sizes=\"auto\" \/><\/a>\n\t\t\t<\/div><\/figure><figure class='gallery-item'>\n\t\t\t<div class='gallery-icon landscape'>\n\t\t\t\t<a href='https:\/\/sitebaixocusto.com.br\/desenvolvimentosites\/wp-content\/uploads\/2020\/07\/insta1.fw_.png'><img loading=\"lazy\" decoding=\"async\" width=\"300\" height=\"300\" src=\"https:\/\/sitebaixocusto.com.br\/desenvolvimentosites\/wp-content\/uploads\/2020\/07\/insta1.fw_-300x300.png\" class=\"attachment-medium size-medium lazyload\" alt=\"\" srcset=\"data:image\/svg+xml,%3Csvg%20xmlns%3D%27http%3A%2F%2Fwww.w3.org%2F2000%2Fsvg%27%20width%3D%27669%27%20height%3D%27669%27%20viewBox%3D%270%200%20669%20669%27%3E%3Crect%20width%3D%27669%27%20height%3D%27669%27%20fill-opacity%3D%220%22%2F%3E%3C%2Fsvg%3E\" data-orig-src=\"https:\/\/sitebaixocusto.com.br\/desenvolvimentosites\/wp-content\/uploads\/2020\/07\/insta1.fw_-300x300.png\" data-srcset=\"https:\/\/sitebaixocusto.com.br\/desenvolvimentosites\/wp-content\/uploads\/2020\/07\/insta1.fw_-150x150.png 150w, https:\/\/sitebaixocusto.com.br\/desenvolvimentosites\/wp-content\/uploads\/2020\/07\/insta1.fw_-230x230.png 230w, https:\/\/sitebaixocusto.com.br\/desenvolvimentosites\/wp-content\/uploads\/2020\/07\/insta1.fw_-270x270.png 270w, https:\/\/sitebaixocusto.com.br\/desenvolvimentosites\/wp-content\/uploads\/2020\/07\/insta1.fw_-300x300.png 300w, https:\/\/sitebaixocusto.com.br\/desenvolvimentosites\/wp-content\/uploads\/2020\/07\/insta1.fw_.png 669w\" data-sizes=\"auto\" \/><\/a>\n\t\t\t<\/div><\/figure><figure class='gallery-item'>\n\t\t\t<div class='gallery-icon landscape'>\n\t\t\t\t<a href='https:\/\/sitebaixocusto.com.br\/desenvolvimentosites\/wp-content\/uploads\/2020\/07\/insta2.fw_.png'><img loading=\"lazy\" decoding=\"async\" width=\"300\" height=\"300\" src=\"https:\/\/sitebaixocusto.com.br\/desenvolvimentosites\/wp-content\/uploads\/2020\/07\/insta2.fw_-300x300.png\" class=\"attachment-medium size-medium lazyload\" alt=\"\" srcset=\"data:image\/svg+xml,%3Csvg%20xmlns%3D%27http%3A%2F%2Fwww.w3.org%2F2000%2Fsvg%27%20width%3D%27669%27%20height%3D%27669%27%20viewBox%3D%270%200%20669%20669%27%3E%3Crect%20width%3D%27669%27%20height%3D%27669%27%20fill-opacity%3D%220%22%2F%3E%3C%2Fsvg%3E\" data-orig-src=\"https:\/\/sitebaixocusto.com.br\/desenvolvimentosites\/wp-content\/uploads\/2020\/07\/insta2.fw_-300x300.png\" data-srcset=\"https:\/\/sitebaixocusto.com.br\/desenvolvimentosites\/wp-content\/uploads\/2020\/07\/insta2.fw_-150x150.png 150w, https:\/\/sitebaixocusto.com.br\/desenvolvimentosites\/wp-content\/uploads\/2020\/07\/insta2.fw_-230x230.png 230w, https:\/\/sitebaixocusto.com.br\/desenvolvimentosites\/wp-content\/uploads\/2020\/07\/insta2.fw_-270x270.png 270w, https:\/\/sitebaixocusto.com.br\/desenvolvimentosites\/wp-content\/uploads\/2020\/07\/insta2.fw_-300x300.png 300w, https:\/\/sitebaixocusto.com.br\/desenvolvimentosites\/wp-content\/uploads\/2020\/07\/insta2.fw_.png 669w\" data-sizes=\"auto\" \/><\/a>\n\t\t\t<\/div><\/figure><figure class='gallery-item'>\n\t\t\t<div class='gallery-icon landscape'>\n\t\t\t\t<a href='https:\/\/sitebaixocusto.com.br\/desenvolvimentosites\/wp-content\/uploads\/2020\/07\/insta3.fw_.png'><img loading=\"lazy\" decoding=\"async\" width=\"300\" height=\"300\" src=\"https:\/\/sitebaixocusto.com.br\/desenvolvimentosites\/wp-content\/uploads\/2020\/07\/insta3.fw_-300x300.png\" class=\"attachment-medium size-medium lazyload\" alt=\"\" srcset=\"data:image\/svg+xml,%3Csvg%20xmlns%3D%27http%3A%2F%2Fwww.w3.org%2F2000%2Fsvg%27%20width%3D%27669%27%20height%3D%27669%27%20viewBox%3D%270%200%20669%20669%27%3E%3Crect%20width%3D%27669%27%20height%3D%27669%27%20fill-opacity%3D%220%22%2F%3E%3C%2Fsvg%3E\" data-orig-src=\"https:\/\/sitebaixocusto.com.br\/desenvolvimentosites\/wp-content\/uploads\/2020\/07\/insta3.fw_-300x300.png\" data-srcset=\"https:\/\/sitebaixocusto.com.br\/desenvolvimentosites\/wp-content\/uploads\/2020\/07\/insta3.fw_-150x150.png 150w, https:\/\/sitebaixocusto.com.br\/desenvolvimentosites\/wp-content\/uploads\/2020\/07\/insta3.fw_-230x230.png 230w, https:\/\/sitebaixocusto.com.br\/desenvolvimentosites\/wp-content\/uploads\/2020\/07\/insta3.fw_-270x270.png 270w, https:\/\/sitebaixocusto.com.br\/desenvolvimentosites\/wp-content\/uploads\/2020\/07\/insta3.fw_-300x300.png 300w, https:\/\/sitebaixocusto.com.br\/desenvolvimentosites\/wp-content\/uploads\/2020\/07\/insta3.fw_.png 669w\" data-sizes=\"auto\" \/><\/a>\n\t\t\t<\/div><\/figure><figure class='gallery-item'>\n\t\t\t<div class='gallery-icon landscape'>\n\t\t\t\t<a href='https:\/\/sitebaixocusto.com.br\/desenvolvimentosites\/wp-content\/uploads\/2020\/07\/insta4.fw_.png'><img loading=\"lazy\" decoding=\"async\" width=\"300\" height=\"300\" src=\"https:\/\/sitebaixocusto.com.br\/desenvolvimentosites\/wp-content\/uploads\/2020\/07\/insta4.fw_-300x300.png\" class=\"attachment-medium size-medium lazyload\" alt=\"\" srcset=\"data:image\/svg+xml,%3Csvg%20xmlns%3D%27http%3A%2F%2Fwww.w3.org%2F2000%2Fsvg%27%20width%3D%27669%27%20height%3D%27669%27%20viewBox%3D%270%200%20669%20669%27%3E%3Crect%20width%3D%27669%27%20height%3D%27669%27%20fill-opacity%3D%220%22%2F%3E%3C%2Fsvg%3E\" data-orig-src=\"https:\/\/sitebaixocusto.com.br\/desenvolvimentosites\/wp-content\/uploads\/2020\/07\/insta4.fw_-300x300.png\" data-srcset=\"https:\/\/sitebaixocusto.com.br\/desenvolvimentosites\/wp-content\/uploads\/2020\/07\/insta4.fw_-150x150.png 150w, https:\/\/sitebaixocusto.com.br\/desenvolvimentosites\/wp-content\/uploads\/2020\/07\/insta4.fw_-230x230.png 230w, https:\/\/sitebaixocusto.com.br\/desenvolvimentosites\/wp-content\/uploads\/2020\/07\/insta4.fw_-270x270.png 270w, https:\/\/sitebaixocusto.com.br\/desenvolvimentosites\/wp-content\/uploads\/2020\/07\/insta4.fw_-300x300.png 300w, https:\/\/sitebaixocusto.com.br\/desenvolvimentosites\/wp-content\/uploads\/2020\/07\/insta4.fw_.png 669w\" data-sizes=\"auto\" \/><\/a>\n\t\t\t<\/div><\/figure>\n\t\t<\/div>\n\n","protected":false},"excerpt":{"rendered":"<p>Hoje estamos vivendo o advento das redes sociais, onde empresas e profissionais liberais precis\u00e3o se posicionar de forma profissional para vender seus servi\u00e7os e produtos, os an\u00fancios podem ser animados ou est\u00e1ticos e em diversos formatos que podem ser publicados no seu site, em sites de an\u00fancio pagos, enviados por e-mail ou divulgado em Redes [&hellip;]<\/p>\n","protected":false},"author":1,"featured_media":40,"parent":0,"menu_order":0,"comment_status":"closed","ping_status":"closed","template":"","meta":{"site-sidebar-layout":"default","site-content-layout":"","ast-site-content-layout":"default","site-content-style":"default","site-sidebar-style":"default","ast-global-header-display":"","ast-banner-title-visibility":"","ast-main-header-display":"","ast-hfb-above-header-display":"","ast-hfb-below-header-display":"","ast-hfb-mobile-header-display":"","site-post-title":"","ast-breadcrumbs-content":"","ast-featured-img":"","footer-sml-layout":"","ast-disable-related-posts":"","theme-transparent-header-meta":"","adv-header-id-meta":"","stick-header-meta":"","header-above-stick-meta":"","header-main-stick-meta":"","header-below-stick-meta":"","astra-migrate-meta-layouts":"default","ast-page-background-enabled":"default","ast-page-background-meta":{"desktop":{"background-color":"","background-image":"","background-repeat":"repeat","background-position":"center center","background-size":"auto","background-attachment":"scroll","background-type":"","background-media":"","overlay-type":"","overlay-color":"","overlay-opacity":"","overlay-gradient":""},"tablet":{"background-color":"","background-image":"","background-repeat":"repeat","background-position":"center center","background-size":"auto","background-attachment":"scroll","background-type":"","background-media":"","overlay-type":"","overlay-color":"","overlay-opacity":"","overlay-gradient":""},"mobile":{"background-color":"","background-image":"","background-repeat":"repeat","background-position":"center center","background-size":"auto","background-attachment":"scroll","background-type":"","background-media":"","overlay-type":"","overlay-color":"","overlay-opacity":"","overlay-gradient":""}},"ast-content-background-meta":{"desktop":{"background-color":"var(--ast-global-color-5)","background-image":"","background-repeat":"repeat","background-position":"center center","background-size":"auto","background-attachment":"scroll","background-type":"","background-media":"","overlay-type":"","overlay-color":"","overlay-opacity":"","overlay-gradient":""},"tablet":{"background-color":"var(--ast-global-color-5)","background-image":"","background-repeat":"repeat","background-position":"center center","background-size":"auto","background-attachment":"scroll","background-type":"","background-media":"","overlay-type":"","overlay-color":"","overlay-opacity":"","overlay-gradient":""},"mobile":{"background-color":"var(--ast-global-color-5)","background-image":"","background-repeat":"repeat","background-position":"center center","background-size":"auto","background-attachment":"scroll","background-type":"","background-media":"","overlay-type":"","overlay-color":"","overlay-opacity":"","overlay-gradient":""}},"amp_status":"","footnotes":""},"class_list":["post-17","page","type-page","status-publish","has-post-thumbnail","hentry"],"_hostinger_reach_plugin_has_subscription_block":false,"_hostinger_reach_plugin_is_elementor":false,"amp_validity":null,"_links":{"self":[{"href":"https:\/\/sitebaixocusto.com.br\/desenvolvimentosites\/wp-json\/wp\/v2\/pages\/17","targetHints":{"allow":["GET"]}}],"collection":[{"href":"https:\/\/sitebaixocusto.com.br\/desenvolvimentosites\/wp-json\/wp\/v2\/pages"}],"about":[{"href":"https:\/\/sitebaixocusto.com.br\/desenvolvimentosites\/wp-json\/wp\/v2\/types\/page"}],"author":[{"embeddable":true,"href":"https:\/\/sitebaixocusto.com.br\/desenvolvimentosites\/wp-json\/wp\/v2\/users\/1"}],"replies":[{"embeddable":true,"href":"https:\/\/sitebaixocusto.com.br\/desenvolvimentosites\/wp-json\/wp\/v2\/comments?post=17"}],"version-history":[{"count":7,"href":"https:\/\/sitebaixocusto.com.br\/desenvolvimentosites\/wp-json\/wp\/v2\/pages\/17\/revisions"}],"predecessor-version":[{"id":125,"href":"https:\/\/sitebaixocusto.com.br\/desenvolvimentosites\/wp-json\/wp\/v2\/pages\/17\/revisions\/125"}],"wp:featuredmedia":[{"embeddable":true,"href":"https:\/\/sitebaixocusto.com.br\/desenvolvimentosites\/wp-json\/wp\/v2\/media\/40"}],"wp:attachment":[{"href":"https:\/\/sitebaixocusto.com.br\/desenvolvimentosites\/wp-json\/wp\/v2\/media?parent=17"}],"curies":[{"name":"wp","href":"https:\/\/api.w.org\/{rel}","templated":true}]}}